e units digit of m?
0
What is the tens digit of (-15)/(-40)*-6*(-848)/6?
1
Let s(o) = 10*o**2 - 5*o - 6. What is the tens digit of s(-3)?
9
Let s(l) = -81*l - 3. What is the units digit of s(-9)?
6
Let z = 294 + -212. What is the units digit of z?
2
Suppose 0 = a - 4*d - 8, -a + 6 = -2*d - d. Let t = -1 - a. Let q = 25 + t. What is the tens digit of q?
2
Let o be 1/3 - 590/15. Let t = o - -22. Let w = -1 - t. What is the units digit of w?
6
What is the tens digit of (0 - (-152)/5) + 20/(-50)?
3
Let m = 10 - 20. Let u be (-336)/(-6)*m/(-8). Let n = u + -35. What is the units digit of n?
5
Suppose -4*h = 3*i - 6041, 68*i - 2003 = 67*i - 4*h. What is the thousands digit of i?
2
Let s = 1200 + 315. What is the units digit of (1 + 1)/((-5)/s*-2)?
3
Let h be -1 + (-2 - -1)*-3. Suppose -3*n = h*c + 3*c - 965, -4*c + 804 = -4*n. What is the tens digit of c?
9
Let p = 180 - 174. Let c = -2 + 4. Suppose p*t = c*t + 20. What is the units digit of t?
5
Let u(a) = a**2 + 3*a - 69. What is the thousands digit of u(-43)?
1
Suppose -3*o - 9 = 15. Let b = 35 + o. What is the tens digit of b?
2
Let u(l) = 3*l**2 - 4*l - 1. Let i be u(3). What is the hundreds digit of ((-17)/1)/(i/(-112))?
1
Suppose z - 2 = -0*z. Suppose -64 = -2*m - z*m. What is the tens digit of m?
1
Suppose 213 - 1813 = -2*t + 3*l, 4*t - 3196 = 5*l. What is the units digit of t?
4
Let a(j) = 6*j + 4. Suppose -5*o = 2*v - 28, -v - 6*o + 20 = -2*o. Let i be a(v). Let w = i - 18. What is the units digit of w?
0
Let k = -71 - -50. Let d = k - -18. What is the tens digit of 43 + -3 + d - 2?
3
Suppose 3*c = o, 2*c - 7*c + 4 = -3*o. Let j be o/(3 - 50/17). What is the units digit of -1*3 - j/3?
4
Let s = -6511 + 9281. What is the thousands digit of s?
2
Let o = 19 - 14. Suppose o*k - 263 = -28. What is the tens digit of k?
4
Let i = -1303 + 2288. What is the units digit of i?
5
Let k = 36 - 30. Suppose 2*o = k*o + 344. Let p = o - -123. What is the units digit of p?
7
Let l be 3/9*-4*3. Let n be (-78)/(-66) - l/(-22). What is the units digit of ((-3)/(-2))/(n/2)?
3
Let o(l) = 475*l - 50. Let d(v) = -28*v + 3. Let k(m) = -35*d(m) - 2*o(m). What is the units digit of k(4)?
5
Suppose 4*b - 4*w = 12, -3*b + w + 4*w + 9 = 0. What is the hundreds digit of 5/(5/(-2)) + 307 + b?
3
Suppose -t - 2*t + 4*i + 420 = 0, -420 = -3*t + 2*i. What is the tens digit of t?
4
Suppose -10*a - 7*a = -11798. What is the units digit of a?
4
Suppose 1846 = 10*i - 714. What is the tens digit of i?
5
Suppose 3*i + 12 = -i. Suppose 5*f - 21 = 39. Let v = f + i. What is the units digit of v?
9
Suppose 1381 = 8*a - 1115. What is the hundreds digit of a?
3
Let i = -13 + 11. Let v be (-2 - -7)/(-5) - i. What is the tens digit of (-62)/(-2 + (1 - v))?
3
Let m be ((-12)/(-10))/(4/(-20)). Let n = m + -1. What is the units digit of (-7)/n + (15 - 0)?
6
Suppose i - 5*b = 885, -272 = -2*b - 264. What is the units digit of i?
5
Suppose -3*k - 32 = -k. Let a be 6/8 + (-1924)/k. Let u = a + -82. What is the tens digit of u?
3
Suppose 2*k = 896 - 198. Suppose -n + 193 = -5*t, 4*n + 4*t = k + 303. What is the units digit of n?
8
Let x(q) = 4*q**2. Let d be x(-2). Suppose b - 25 = d. Suppose 0 = 2*y - 0*n + 5*n - b, -71 = -2*y + 5*n. What is the tens digit of y?
2
Suppose -5*v + v - 8 = -2*f, 0 = f + 4*v - 4. Suppose 5*j = -4*b + 14, 0*j - f*j - 5*b = -13. Suppose j*w = -0*w + 150. What is the units digit of w?
5
Let g = -3396 - -5098. What is the units digit of g?
2
Suppose 294*u - 675 = 291*u. What is the tens digit of u?
2
Let a be (-4)/6 - (-3887)/(-69). What is the tens digit of (-2)/(a/51 - -1)?
1
Suppose 4*q = -3 - 1, 3*h - 5*q = 6479. What is the thousands digit of h?
2
Let l(a) = -5*a - 13. Suppose -10 = -4*w + t - 42, -5*w + 4*t = 40. What is the units digit of l(w)?
7
Suppose 23*f - 32 = 19*f. Suppose 0 = -5*d + f*d - 189. What is the units digit of d?
3
Suppose -5679 = -19*s + 10*s. What is the hundreds digit of s?
6
Suppose 39 = 3*a - 4*t, -4*a = -t - 60 - 5. Suppose -5*z - a = 3. Let q = z - -15. What is the units digit of q?
1
Suppose 11*w + 5*g - 1076 = 8*w, 2*w - 712 = 2*g. What is the hundreds digit of w?
3
Suppose -4*c - 3*x - 486 = 0, -5*c - 478 = -c - x. Let s = -57 - c. What is the tens digit of s?
6
Let k(a) = -3*a**2 - 4*a + 0*a**2 + 4*a**2 + 8*a. Let n be k(-5). Suppose -2*u - 1 = -n. What is the units digit of u?
2
Let q(n) = -2*n**2 - 104*n + 18. What is the thousands digit of q(-30)?
1
Let l(c) = 6*c**3 - 11 + 3*c**3 - 8*c**3 - 7*c - 8*c**2. Let w be l(9). What is the units digit of 6/(-3)*w/(-2)?
7
Let i be (2 + (-65)/30)*-6. Let v(h) = 194*h + 1. What is the hundreds digit of v(i)?
1
Let f = -7 - -3. Let k be (-16)/24*(-258)/f. Let o = k + 70. What is the tens digit of o?
2
Let q be (-2 - 6)/4 - (1 - 62). Let s = 38 + q. What is the units digit of s?
7
Suppose -14*l = -0*l - 2184. What is the units digit of l?
6
Let z(o) = -o**3 + 3*o**2 + 2*o. What is the units digit of z(-5)?
0
Let v(h) = -2*h - 2. Let g be v(0). Let l = g - -6. Suppose 3*k + f = 54, -l*k + 10*f + 53 = 5*f. What is the units digit of k?
7
Let n = 142 + -99. Let g be 1 + -29 + 20/5. Let s = g + n. What is the tens digit of s?
1
Let n be (-171)/36 + (-1)/4. Let y(c) = 2*c - 1. Let u(q) = 4*q - 2. Let x(b) = n*y(b) + 3*u(b). What is the units digit of x(4)?
7
Let o be (-180)/(-15) + 12/(-3). Suppose -17 - 18 = -h. Let r = h - o. What is the tens digit of r?
2
Let m(i) = -107*i - 48. What is the hundreds digit of m(-3)?
2
Suppose -5952 = -194*l + 178*l. What is the hundreds digit of l?
3
Let p be 1/(-1) + 1 + -1 + 12. Let b(m) be the third derivative of m**4/12 + 13*m**3/6 + m**2. What is the tens digit of b(p)?
3
Suppose 0 = -3*c - 4*d + 8, c - 3*d - 15 = -2*c. Let n be 11/3 - (-4)/(-6). Suppose n*i - c*i + 17 = 0. What is the tens digit of i?
1
Let t(f) be the third derivative of f**6/120 - 3*f**5/20 + 5*f**4/12 + f**3/6 + 4*f**2. Let u be t(8). Let n = u - -9. What is the tens digit of n?
2
Let f = 29 + 43. Let n = 156 + -198. Let x = f + n. What is the tens digit of x?
3
Let s = -32 + 50. Suppose 4*l + 2*b + 0*b = s, -2*b = -l - 8. Suppose 0 = 3*q + 4*g - 31, q = l*q - 3*g - 32. What is the tens digit of q?
1
Suppose 0*m - 8*m + 16 = 0. Suppose -5*s - m*x = x - 1269, -2*s + 4*x = -492. What is the units digit of s?
2
Let a(o) be the first derivative of -o**4/4 + 5*o**3/3 + 4*o**2 - 7*o - 5. Let u be a(6). Let p = u + 12. What is the units digit of p?
7
Let g = 1 + 2. Let n(x) = 3*x**2 + 2 + 27*x - 10*x - x**g - 13*x. What is the tens digit of n(-2)?
1
Let m be (-2 - -17)*1/3. Let j = 132 + -21. What is the tens digit of j/m - 3/15?
2
Suppose 2*h + 4*t - 4676 = 0, -7956 - 1384 = -4*h - 2*t. What is the hundreds digit of h?
3
Let q be (-2 + (-51)/(-6))*4. Suppose 3*n - q = -2. Suppose 4*f + 108 = n*f. What is the tens digit of f?
2
Let k(f) = f**3 + 24*f**2 + 34*f + 96. What is the hundreds digit of k(-20)?
0
Suppose 670 = n + 4*n. Suppose u - 6*u = -i - n, 0 = -4*u - 3*i + 92. What is the units digit of u?
6
Let i(o) = o**3 - 7*o**2 - 9. Let t be i(8). Suppose -2*a - 3*a - t = 0. Let r(u) = -3*u + 2. What is the tens digit of r(a)?
3
Suppose 0 = -3*y - 2*a - a + 147, -2*y + 2*a + 94 = 0. Suppose 6*c - y = 24. What is the units digit of ((-126)/8)/(c/(-32))?
2
Suppose o - 14 = b - 0, 5*b - 10 = 0. Let w(l) = 8*l. What is the tens digit of w(o)?
2
Let b = 60 + -42. Let g = 260 - b. What is the tens digit of g?
4
What is the thousands digit of (4/13)/2 - (-212688)/117?
1
Let w = 25 - 25. Suppose -5*q = 5*y, w = -2*q + 2*y + 2*y + 24. Suppose -g = q*g - 170. What is the units digit of g?
4
Suppose 2723 = 7*z - 4*q - 11408, -10117 = -5*z - 3*q. What is the tens digit of z?
2
Suppose 16*q - 2160 = 13*q - 3*v, 0 = 4*q + 3*v - 2882. What is the tens digit of q?
2
Let z be (15 - 12)*(-14)/3. Let u be ((-85)/(-10))/(1/(-2)). Let b = z - u. What is the units digit of b?
3
Let v = -21 - -21. What is the tens digit of (-5 - v) + (40 - -9)?
4
Let i(h) be the first derivative of h**3/3 - h**2/2 + 7*h + 1. What is the tens digit of i(6)?
3
Let j be 1/(-1 + 0)*-56. Let c = 8 - 5. Suppose -c*q = -22 - j. What is the tens digit of q?
2
Let m be (114/9)/(4/18). Suppose -3*z + j = 5*j - 113, 0 = -2*z + j + m. Suppose z = 5*q - 44. What is the units digit of q?
5